git of (-49*8/12)/(4/r)?
9
Suppose 90*g = 187*g - 945168. What is the hundreds digit of g?
7
Suppose 22 = 4*m - 2*g, -5*m + 2*g + 2*g = -32. Suppose -m*f = -r - 45, 4*r + 27 = 2*f + 5*r. Suppose -612 = 8*l - f*l. What is the units digit of l?
3
Let q(c) = 8*c + 8*c + 31 - 14 + 11 + 18*c. What is the units digit of q(7)?
6
Let g(d) = d**3 - 32*d**2 - 28*d + 75. Let k be g(31). Let z = 2717 + k. What is the hundreds digit of z?
9
Suppose 4*f - 10 = -h, -12 = -3*h - 6*f + 3*f. Let d be 8 + (-1)/2*h. Let w = 32 - d. What is the units digit of w?
5
Let j = 49053 + -29488. What is the tens digit of j?
6
Let d(z) = z**3 + z**2 - 6*z - 6. Let a be (-4 - -12)*(-2 + 5/2). Suppose -q - 5 - a = -2*s, 0 = s - 4*q - 1. What is the tens digit of d(s)?
1
Suppose -8*j - 101750 = -10*j + 2*g, -3*j + 4*g = -152628. What is the tens digit of j?
7
Suppose x - 7*x + 96 = 0. What is the units digit of 8/(x/(-28) - (-564)/938)?
8
Let m be ((-186)/(-24))/(2*(-2)/(-16)). Suppose m*o - 3234 = 24*o. What is the tens digit of o?
6
Let x = -3 - 11. Let n = x - -27. Suppose -163 = n*v - 1489. What is the hundreds digit of v?
1
Suppose 4*q = -4*z + 20, q + 6 = 2*z - 1. Suppose -u - 4 = -3*g + q, -4*g - 3*u + 11 = 0. Suppose -4*o = -4*i + 312, -g*o = 2*o. What is the tens digit of i?
7
Let m = -62 + 62. Suppose m*w - 5*w - 464 = -3*j, -2*j - 3*w + 284 = 0. What is the units digit of j?
8
Let j = 2420 - -1801. What is the tens digit of j?
2
Suppose l + 2*f - 11 = 0, -f + 3 = 3*l - 5. Let j be ((-39)/65)/((-5)/25)*-1. What is the tens digit of (-3044)/(-12) - l/j?
5
What is the tens digit of ((-1840)/(-69) + -28)/(0 - 2/45489)?
2
Let z(p) = 198*p + 8253. What is the units digit of z(0)?
3
Suppose -9557 = -2*i + k, -31*i + 30*i + 4*k + 4782 = 0. What is the hundreds digit of i?
7
Let v = 119 + -116. Suppose -v*i + 2448 = 5*z, 4*i - 111*z = -106*z + 3229. What is the hundreds digit of i?
8
Suppose -2*m + 3*t = -47884, 38*t - 41*t = -3*m + 71820. What is the ten thousands digit of m?
2
Suppose 6*r = -3*c + 2*r + 9499, c - 3163 = -3*r. What is the hundreds digit of c?
1
Let r = 856 - 687. Suppose r*s - 168*s = 1339. What is the units digit of s?
9
Let z(h) = 4 - 9 + 7*h + 11 + 7. Let q be z(-8). Let l = 40 - q. What is the units digit of l?
3
Let v(d) = 9768*d + 59. What is the tens digit of v(1)?
2
Let s(c) = -c**2 + 4*c + 7. Let n be 0 - (10/(-2) - 0). Let j be s(n). What is the hundreds digit of 1314/6 + 2/(4/j)?
2
Let o(w) = w**2 - 6*w + 8. Suppose 3*h + h - 8 = -2*s, 0 = -3*s - 2*h + 12. Let x be o(s). What is the units digit of 154/11*(1 - x)?
4
Let a = 18428 + -6436. What is the units digit of a?
2
Suppose -p - c + 70572 = 0, 5*p = 3*c + 312945 + 39955. What is the hundreds digit of p?
5
Suppose -309075 = -14*s + 5*h + 6928, 2*s - 45149 = -5*h. What is the tens digit of s?
7
Let f = -33666 - -47496. Suppose -54*x = -f - 17760. What is the units digit of x?
5
Let a(g) = -g - 1 - 2 - 4 - 2*g. Let v be a(-4). Suppose -v*u + 69 = 14. What is the tens digit of u?
1
Suppose 0 = -14*f + 3557 + 2421. Let j = f + -81. What is the units digit of j?
6
Suppose 5*q - 7449 = -4*m, q - 4*m = 692 + 793. Suppose -10*k = -q - 261. What is the tens digit of k?
7
Suppose 499 = 26*u - 21. Suppose u*h - 20881 = -6961. What is the units digit of h?
6
Let p = -62 - -67. Suppose -p*f + 5 = -4*v + 2*v, 0 = -2*v + 10. Suppose 0 = -2*y + 3*k + 107, f*y + 2*k = 5*k + 165. What is the units digit of y?
8
Suppose 5*m - 4*y = y - 10, 5*m + 2*y + 31 = 0. Let a(w) = -w**3 - 5*w**2 - 10*w - 1. Let j be a(m). Suppose -j = -t - 1. What is the tens digit of t?
4
Let p = -215 - -220. What is the tens digit of p*-1*396/30*-7?
6
Suppose 0 = -2*r + 39 + 1. Suppose -51 - 1 = -3*q + 5*o, 5*q - r = -5*o. Suppose -q*t + 112 = -7*t. What is the units digit of t?
6
Let k be 22/((-1)/(-8)*4). Let r = k + -42. Suppose -r*p = -3*f + 182, -5*p - 39 = 3*f - 4*f. What is the tens digit of f?
6
Let j be (-252)/105 - (-4)/10. Let o be ((-9)/(-27))/(j/(-138)). What is the tens digit of -1*(o*-5)/5?
2
Let b(c) = -c - 15. Let m be b(-6). Suppose 5*r - r + 2 = -2*g, 0 = 5*g - r - 17. What is the units digit of (-186)/(m/g - -1)?
3
Let u(n) = 626*n - 14. What is the units digit of u(8)?
4
Let q(s) be the second derivative of 21*s - 4*s**3 + 0 - 1/12*s**4 - 21/2*s**2. What is the tens digit of q(-17)?
9
Suppose 6*s = s - 2*c - 5, 0 = -5*s - 5*c + 10. What is the hundreds digit of (562/(-6) - 4)*s?
2
Suppose -5 = f + 4*f. What is the hundreds digit of f/(-1)*840/(32/8)?
2
Suppose 3*h - 6 = 0, -4*a = 3*h - 9402 + 1188. Suppose 35*d = 37*d - a. What is the thousands digit of d?
1
Suppose 11*l = 15*l. Suppose -4*w + 3*w + 4 = l. Suppose -w*h + 3*s = -156, h = -0*h - 2*s + 50. What is the units digit of h?
2
Let r = 62 - 59. Suppose r*l = -0 - 18. Let d(s) = -23*s - 7. What is the tens digit of d(l)?
3
Let f(u) = -8*u - 8*u + 18*u - u**2 - 2. Let y be f(1). What is the units digit of 1*(y - -3 - 96/(-1))?
8
Let w = -107 - -107. Suppose w = -5*t + t - 4*n + 896, 4*n - 12 = 0. What is the hundreds digit of t?
2
Suppose -5*x - 1559*a + 1557*a = -37778, 2*a = -2. What is the hundreds digit of x?
5
Let s(c) = -6*c - 100. Let f be s(-17). Suppose f*i = 3*q - 4*q + 303, -i = -q + 288. What is the units digit of q?
3
Suppose 0 = 96*r - 201493 + 7829 - 1060192. What is the tens digit of r?
6
Let y(o) = -5 - 4 + 8*o**2 + 10*o - 11 + 14. Let h = -3 - 2. What is the tens digit of y(h)?
4
Let o be 2 + -2 + 1 + 3 + 1848. Let k = o - 568. What is the tens digit of k?
8
Let q(k) = -k**2 + 76*k + 1635. What is the units digit of q(74)?
3
Let g(c) = 66547*c**2 + 123*c + 6. What is the ten thousands digit of g(-1)?
6
Suppose -6*o = 2*o. Suppose o = -3*s + 156 - 150. Suppose s*x = -3*x + 825. What is the units digit of x?
5
Let z(p) = 2*p**3 + 2*p**2 + 4*p - 3. Let s be z(5). Let j = -146 + s. What is the tens digit of j?
7
Suppose -6*v - 480 + 1434 = 0. Suppose 6*x + 0 = 456. Let t = v - x. What is the units digit of t?
3
Let f(c) = 4*c + 41. Let v be f(-20). Let h = v - -77. What is the units digit of (-4 + 0 - (-4 - 2)) + h?
0
Let k(h) = 4*h - 9. Let p be (-54)/(-15)*20/12. Let o be k(p). Let u(f) = f**3 - 15*f**2 + 8*f - 6. What is the units digit of u(o)?
4
Let w(a) = 964*a**2 + 130*a - 28. What is the hundreds digit of w(-5)?
4
Let z = 227 + -212. Suppose -1285 = 10*i - z*i. What is the tens digit of i?
5
Suppose 12*h - 34343 + 2984 = 20061. What is the thousands digit of h?
4
Suppose -2*m + 72596 = -17*i + 19*i, -5*i - 2*m = -181514. What is the thousands digit of i?
6
Let k = -60364 + 126512. What is the units digit of k?
8
Suppose -5*t = -5*g + 26855, -2*g + 4*g = -5*t + 10700. What is the thousands digit of g?
5
Let f(t) = -t**3 + 23*t**2 - 31*t + 25. Let y be f(19). Let l = -629 + y. What is the units digit of l?
1
Let b(w) = -w**3 - 19*w**2 + 43*w + 23. Let c be b(-21). What is the units digit of (11 - -72) + c + 2?
7
Suppose 329288 = 29*r - 98491. What is the units digit of r?
1
Let r(n) = -n**2 + 5*n + 4. Let p be r(-3). Let t(g) = g**2 + 21*g + 31. Let q be t(p). Suppose 0 = -8*y + q*y - 432. What is the units digit of y?
4
Let k(u) = u**2 + u. Let q(o) = o**3 + 9*o**2 + 11*o + 19. Let j(b) = -k(b) - q(b). What is the units digit of j(-12)?
3
Suppose 3*o + 25719 = 3*q, -41*o - 8555 = -q - 37*o. What is the thousands digit of q?
8
Let i = -111 + 102. Let r = 9 + i. Suppose 20*m - 15*m - 790 = r. What is the units digit of m?
8
Let j(f) = -440*f + 7. Let q be j(5). Let v = q + 3272. What is the units digit of v?
9
What is the units digit of (1 - 0) + (14588*1 - (36 - 32))?
5
Let i(a) be the second derivative of 5*a**4/12 + 5*a**3/6 + 13*a**2/2 + 3*a + 4. What is the hundreds digit of i(-11)?
5
Let z be 6/9 - (-5176)/12. Let l = -273 + z. What is the tens digit of l?
5
Let j(m) be the second derivative of 13*m**4/12 - 11*m**3/3 - 107*m**2/2 - 46*m. What is the hundreds digit of j(-7)?
6
Let h = -5073 + 14047. What is the thousands digit of h?
8
Suppose 222 = l + 5*v, -3*l + v = -2*v - 648. Let j = -172 + l. What is the tens digit of j?
4
Suppose 0 = j - 4, 3*y + y = -j. Let z(p) = 7*p**3 + 6*p**2 + 3*p + 11. Let g(f) = f**3 - 1. Let k(t) = y*z(t) + 6*g(t). What is the tens digit of k(-7)?
5
Suppose 5*k - 588*t + 584*t = 334713, 133860 = 2*k + 